 divisor of v and 38?
38
Let i = 43 - 21. Calculate the greatest common divisor of i and 2.
2
Let r be (-7 + 15)/(3/30). Calculate the greatest common factor of r and 10.
10
Let z(c) = -c**2 + 11*c - 17. Let o be z(5). What is the highest common factor of 143 and o?
13
Suppose -4*n + 35 = 5*h, 0*n - 13 = -h - 2*n. Let o(s) = -2*s - 5. Let i be o(6). Let z = 41 + i. Calculate the greatest common factor of h and z.
3
Let p be (1/(-3))/((-1)/1569). Suppose -4*j = -16, -5*u = -10*u + 3*j + p. Suppose -u = -3*k + 124. What is the highest common divisor of 7 and k?
7
Suppose 15 = 101*f - 100*f. Let g(i) = -i - 3. Let k be g(-6). Calculate the greatest common factor of f and k.
3
Let p be 15 + 1 + (0 - -1). Suppose -i - 5*r = p, -i + r = -0*i - 7. Suppose 0*y = i*y - 33. What is the greatest common factor of y and 88?
11
Let x be (-20)/6*(-3)/2. Suppose 18*b + 120 = 21*b. Calculate the greatest common factor of b and x.
5
Let t = 3 + -9. Let d(r) = r**3 + 8*r**2 + 8*r - 4. Let a be d(t). Calculate the greatest common factor of a and 5.
5
Suppose -4*q = -2*q - 8. Suppose -3 + 6 = q*j + o, -2*o - 3 = -j. Let h be (1/(-2))/(j/(-30)). What is the greatest common factor of 60 and h?
15
Let c(g) be the second derivative of -1/6*g**3 + 3*g + 3*g**2 + 0. Let j be c(3). Calculate the highest common divisor of j and 21.
3
Suppose 142 = 4*t - 70. Let g = 131 - t. What is the greatest common divisor of 26 and g?
26
Let o(i) = 7*i**2 + 5*i + 3. Let a be o(-3). Calculate the highest common factor of 34 and a.
17
Let h(w) be the first derivative of 1/3*w**3 + 2 + w - 1/2*w**2. Let p be h(2). Calculate the greatest common factor of 33 and p.
3
Let a(f) = f + 24. Let l be a(-8). Calculate the greatest common factor of l and 2.
2
Let i(k) = -2*k**2 + k. Let q be i(-1). Let d = q - -13. Let u be (-5)/2*(-24)/30. What is the greatest common factor of u and d?
2
Let j = 0 - -4. Suppose -j*l + 90 - 30 = 0. What is the highest common divisor of l and 150?
15
Suppose 4*o = -3*n + o + 15, -o = -2*n + 13. What is the highest common divisor of n and 9?
3
Let t = 381 - 213. Calculate the highest common factor of 24 and t.
24
Suppose 8*w - 100 = 3*w. What is the greatest common factor of 50 and w?
10
Let b(q) = q**2 - q + 13. Let m be b(0). What is the greatest common divisor of 143 and m?
13
Suppose q + a = 10, q - 29 = -4*a - 4. Let c(p) = p + 5. Let r be c(0). Calculate the greatest common factor of r and q.
5
Let v(p) = -p - 4. Let r be v(-6). Suppose 0 = i + 2*i - 6. Let n be (3/i - 1)*r. Calculate the greatest common divisor of n and 3.
1
Let s(j) = -4 + 2*j**2 + 4 + 6*j. Suppose -6*u + 2*u - 20 = 0. Let d be s(u). Calculate the highest common divisor of d and 2.
2
Suppose -2*g + 638 + 3288 = 0. Let k be g/117 - 2/(-9). What is the highest common divisor of 119 and k?
17
Let r be 2*1/2*95. Calculate the greatest common factor of r and 38.
19
Let u = -120 + 138. What is the highest common factor of u and 18?
18
Let w be 1/1 - (-20 + -1). Calculate the greatest common factor of w and 88.
22
Suppose -3*z - 36 = -3*x, 33 = -z - 2*z + 2*x. Let h = -4 - z. Calculate the highest common divisor of h and 15.
5
Suppose 8 = 2*v - 28. Let u = v + 3. What is the greatest common divisor of 42 and u?
21
Let t(z) = z**3 + 10*z**2 - 10*z + 13. Let r be t(-11). Calculate the greatest common divisor of r and 6.
2
Let m = -1 - -15. Let t = 0 + 0. Suppose 2*w - 473 = -2*w - 5*g, 4*w - 5*g - 423 = t. What is the highest common divisor of m and w?
14
Let r(b) = 4*b - 6. Let j be r(4). Let k = 12 + j. What is the highest common factor of k and 11?
11
Suppose 5*b + 43 = -5*r + 418, 3*r - 222 = -2*b. What is the highest common divisor of 180 and r?
36
Let u = -14 - -5. Let r = 18 + u. What is the greatest common divisor of r and 6?
3
Let d = -13 + 31. What is the greatest common divisor of d and 9?
9
Suppose -4*l + 3*v = -1056, -6*v + 792 = 3*l - v. Suppose l = 3*j + j. Calculate the highest common divisor of j and 6.
6
Suppose -5 = -0*t + t, -3*k = 5*t - 335. Calculate the greatest common factor of k and 20.
20
Suppose 4 = 5*l - 4*l. Let z be 27/21 - l/14. Let i = 17 + -16. Calculate the highest common factor of z and i.
1
Let n be (3 - 33/7)*-7. Let y(u) = -2*u - 3. Let t be y(-3). Suppose t*f = f + 192. What is the greatest common factor of n and f?
12
Let z be ((-11)/(-4))/(18/216). Calculate the greatest common factor of z and 11.
11
Suppose 0 = 3*s + 3*v - 21, 2*s + 5 = -3*v + 15. Let w = 17 - s. Calculate the highest common divisor of 12 and w.
6
Suppose -85 = -8*r + 3*r. Calculate the greatest common factor of r and 51.
17
Let m be (33/(-6))/((-2)/12). Let g = 71 - m. Suppose 5*b - 3*f = 31, -3*b - 2*f + g = b. Calculate the highest common divisor of b and 8.
8
Suppose -20*h = -14*h - 72. What is the highest common factor of 36 and h?
12
Let o = 73 + -69. Suppose 0 = -3*a + 4*k + 112, a - 5*k + 44 = 3*a. Calculate the highest common factor of o and a.
4
Let t be (-4)/5*(-3 + -127). What is the greatest common divisor of t and 13?
13
Let n = 112 + -107. Suppose 198 = 5*i - 27. Calculate the highest common factor of n and i.
5
Let b be 96*(-36)/(-102) + (-4)/(-34). What is the greatest common divisor of b and 238?
34
Suppose 6*w - b - 299 = 3*w, -2*b = 4. Let h = -51 + w. What is the highest common factor of h and 12?
12
Let p be (0 + 6/(-5))*-5. Let h(t) = -4*t + 10. Let c be h(-14). Calculate the greatest common factor of c and p.
6
Let g(r) = -2*r**3 - 2*r - 2. Let p be g(-2). Let n(t) = t + t**3 + 2*t + 2*t - t + 6 + 8*t**2. Let u be n(-7). What is the highest common divisor of u and p?
9
Suppose 0 = -3*o - 2*j - 15, -o + 7 = -2*j + 20. Let x(k) = -k**3 - 6*k**2 + 6*k + 5. Let h be x(o). What is the greatest common divisor of h and 18?
6
Let j(t) = -20*t**3 - 2*t - 1. Let q be j(-1). Let c = -9 + q. What is the greatest common factor of c and 48?
12
Let g be 4/((-3)/99*-6). Calculate the highest common factor of g and 33.
11
Let u be (-813)/(-12) + 0 + (-5)/(-20). What is the greatest common factor of 51 and u?
17
Let n = 32 + 20. Suppose -2*z - 5*j = 3*z - 160, -4*j = -z + n. Calculate the greatest common divisor of 4 and z.
4
Let w(s) = 26*s - 4. Let c be w(1). Suppose -5*o - 15 = 0, -5*o + 579 = 6*l - 3*l. Calculate the highest common divisor of l and c.
22
Let l(b) = b**2 + 25*b - 43. Let v be l(-27). What is the highest common divisor of 1 and v?
1
Let a be 4 + (-728)/(-6) + 4/6. Calculate the highest common divisor of 14 and a.
14
Let a(b) = b**3 + 100. Let i be a(0). What is the highest common factor of 40 and i?
20
Suppose 0 = o + 5*v + 25, -o + v + 10 = -v. Suppose -2*g - 3*g + 20 = o. Suppose -g*a - 1 = h, 2*a - 5 = -h - 0. What is the greatest common factor of 1 and h?
1
Let l(t) = -3*t**3 + 18*t**2 - 2*t - 3. Let u be l(5). Calculate the highest common divisor of u and 124.
62
Let d = 2 + 3. Suppose -d*v = -3*v - 44. Calculate the highest common factor of v and 198.
22
Suppose 49*v - 12 = 47*v. Let c = 2 + -2. Suppose c = -0*t + 3*t - 6. What is the greatest common factor of v and t?
2
Let g be (-1 - (-2)/2)/(-2). Suppose 0 = 3*l + 4*t - g*t - 96, l - 32 = t. Let x = 1 + 15. What is the greatest common factor of x and l?
16
Let l be 2 - (-3 - -5)/1. Suppose -b = -l*b. Suppose -3*v + 4*i - 1 = 0, b = -6*v + 3*v + 5*i - 5. Calculate the highest common factor of v and 55.
5
Suppose -4*f + 524 = 3*m, -2*m + 3 = f - 133. What is the highest common factor of f and 16?
16
Suppose -8*o + 48 = -0. What is the highest common divisor of 2 and o?
2
Let g be ((-1)/2)/(1/(-8)). Suppose -3*z + 120 = g*k, 5*z + 3*k - 5*k - 200 = 0. Suppose -4*b = -2*b - z. Calculate the greatest common divisor of b and 5.
5
Let w = -1 + 7. Let a(i) = i - 1. Let d be a(w). Let u = 3 + -2. What is the highest common divisor of d and u?
1
Let o(n) = -n**2 - 4*n - 3. Let w be o(-2). Let i = -39 + 43. What is the highest common factor of i and w?
1
Suppose -2*x - 2 = -2*f, -3*x - 5 = -5*f - 5*x. Let u be (1 - 1) + 3 + 0. Suppose u*j - 9 = 21. Calculate the highest common factor of f and j.
1
Let c = -12 + 18. Let y(d) = -2*d - 1. Let t(a) = 4*a + 2. Let f(u) = -3*t(u) - 7*y(u). Let q be f(1). Calculate the highest common factor of c and q.
3
Let f(i) = i**3 + 15*i**2 - 17*i - 13. Let p be f(-16). Suppose -128